f 152902279?
9
What is the thousands digit of 864900496?
0
What is the hundreds digit of 893991312?
3
What is the hundred thousands digit of 254592124?
5
What is the hundred thousands digit of 3796383555?
3
What is the tens digit of 83570927?
2
What is the billions digit of 3835499640?
3
What is the hundreds digit of 71632006?
0
What is the hundred millions digit of 1196899996?
1
What is the ten thousands digit of 646038109?
3
What is the hundreds digit of 1409112?
1
What is the thousands digit of 163310374?
0
What is the units digit of 1615526612?
2
What is the hundreds digit of 1113394867?
8
What is the hundreds digit of 290140855?
8
What is the ten millions digit of 20786667?
2
What is the ten thousands digit of 136898391?
9
What is the hundreds digit of 1825299603?
6
What is the ten thousands digit of 65911146?
1
What is the hundred millions digit of 668441433?
6
What is the tens digit of 82181525?
2
What is the hundreds digit of 406866614?
6
What is the tens digit of 54301041?
4
What is the tens digit of 301774818?
1
What is the hundred millions digit of 6868216761?
8
What is the thousands digit of 59117819?
7
What is the hundred millions digit of 3405257414?
4
What is the billions digit of 2906311105?
2
What is the tens digit of 5838046?
4
What is the hundreds digit of 199291994?
9
What is the tens digit of 2804060002?
0
What is the millions digit of 230015478?
0
What is the hundreds digit of 2886342832?
8
What is the hundreds digit of 5688406?
4
What is the ten thousands digit of 48567145?
6
What is the millions digit of 257486789?
7
What is the tens digit of 1689424290?
9
What is the hundred thousands digit of 40441292?
4
What is the ten thousands digit of 2159701962?
0
What is the hundreds digit of 194164964?
9
What is the hundred thousands digit of 392782574?
7
What is the hundred millions digit of 1207834564?
2
What is the tens digit of 2024867277?
7
What is the millions digit of 13396700?
3
What is the hundred thousands digit of 5722892888?
8
What is the hundred millions digit of 100350096?
1
What is the millions digit of 650670300?
0
What is the hundred thousands digit of 603765415?
7
What is the thousands digit of 30881766?
1
What is the hundred thousands digit of 53161426?
1
What is the hundreds digit of 65964646?
6
What is the millions digit of 130700823?
0
What is the hundred millions digit of 1458529510?
4
What is the millions digit of 444409952?
4
What is the millions digit of 362420316?
2
What is the millions digit of 2097401275?
7
What is the tens digit of 422312837?
3
What is the ten millions digit of 966259129?
6
What is the hundred millions digit of 285598184?
2
What is the hundreds digit of 165653295?
2
What is the millions digit of 55073440?
5
What is the hundred thousands digit of 864566158?
5
What is the millions digit of 849078391?
9
What is the thousands digit of 79350581?
0
What is the hundreds digit of 671295287?
2
What is the thousands digit of 423892199?
2
What is the units digit of 92589714?
4
What is the millions digit of 80544141?
0
What is the tens digit of 1188280275?
7
What is the hundred thousands digit of 58846669?
8
What is the millions digit of 429083316?
9
What is the ten thousands digit of 53705269?
0
What is the thousands digit of 293221942?
1
What is the ten millions digit of 1546766904?
4
What is the hundred thousands digit of 2021810232?
8
What is the units digit of 143884630?
0
What is the hundred thousands digit of 1826622053?
6
What is the ten thousands digit of 2380296187?
9
What is the thousands digit of 450871283?
1
What is the tens digit of 60697969?
6
What is the ten millions digit of 93967318?
9
What is the billions digit of 1986951200?
1
What is the hundred thousands digit of 2623737?
6
What is the millions digit of 182218883?
2
What is the hundreds digit of 153250435?
4
What is the units digit of 759770275?
5
What is the ten millions digit of 480415208?
8
What is the tens digit of 810979343?
4
What is the hundred thousands digit of 56550713?
5
What is the hundred millions digit of 307817428?
3
What is the ten millions digit of 87933191?
8
What is the thousands digit of 1591831009?
1
What is the tens digit of 169488026?
2
What is the hundreds digit of 4801627243?
2
What is the hundred thousands digit of 39927478?
9
What is the thousands digit of 475521829?
1
What is the tens digit of 3161171?
7
What is the tens digit of 28424495?
9
What is the ten thousands digit of 414505548?
0
What is the millions digit of 2229394245?
9
What is the thousands digit of 27582214?
2
What is the ten millions digit of 6996894462?
9
What is the tens digit of 26321834?
3
What is the hundred thousands digit of 36628875?
6
What is the millions digit of 447152646?
7
What is the hundred millions digit of 3619886009?
6
What is the hundreds digit of 322458293?
2
What is the ten thousands digit of 33725070?
2
What is the tens digit of 287802985?
8
What is the ten millions digit of 87004354?
8
What is the ten millions digit of 123080968?
2
What is the ten millions digit of 275084616?
7
What is the hundred millions digit of 377790767?
3
What is the ten millions digit of 56221902?
5
What is the tens digit of 19452553?
5
What is the hundred millions digit of 1555185565?
5
What is the ten thousands digit of 26810917?
1
What is the ten thousands digit of 654308265?
0
What is the ten millions digit of 120064729?
2
What is the hundred thousands digit of 44333222?
3
What is the units digit of 18581289?
9
What is the ten millions digit of 91341524?
9
What is the hundreds digit of 34004442?
4
What is the ten millions digit of 841050605?
4
What is the units digit of 34933083?
3
What is the ten millions digit of 141487699?
4
What is the ten thousands digit of 9448146?
4
What is the ten millions digit of 24493350?
2
What is the tens digit of 229310951?
5
What is the thousands digit of 238364126?
4
What is the hundreds digit of 162213075?
0
What is the thousands digit of 102687585?
7
What is the units digit of 1441437369?
9
What is the hundreds digit of 24402339?
3
What is the ten millions digit of 7293851367?
9
What is the billions digit of 1112634350?
1
What is the ten thousands digit of 40357444?
5
What is the millions digit of 441582174?
1
What is the hundreds digit of 1768302910?
9
What is the millions digit of 44147443?
4
What is the hundreds digit of 421240829?
8
What is the units digit of 6644693121?
1
What is the tens digit of 31366925?
2
What is the hundred millions digit of 264127817?
2
What is the millions digit of 566652001?
6
What is the thousands digit of 3774042903?
2
What is the ten millions digit of 304977272?
0
What is the units digit of 20741877?
7
What is the ten thousands digit of 134503727?
0
What is the hundreds digit of 964863361?
3
What is the billions digit of 1542470699?
1
What is the hundred millions digit of 2550114445?
5
What is the ten thousands digit of 629007196?
0
What is the billions digit of 3272194045?
3
What is the hundred millions digit of 438009927?
4
What is the tens digit of 33875712?
1
What is the ten thousands digit of 3300535?
0
What is the hundred millions digit of 2369206515?
3
What is the hundred thousands digit of 79529743?
5
What is the ten millions digit of 26199915?
2
What is the hundred millions digit of 3699874498?
6
What is the tens digit of 183638713?
1
What is the ten millions digit of 61151377?
6
What is the ten thousands digit of 104799995?
9
What is the hundred millions digit of 1443995396?
4
What is the thousands digit of 223636715?
6
What is the hundred millions digit of 4384051588?
3
What is the tens digit of 38357278?
7
What is the tens digit of 58019470?
7
What is the hundred thousands digit of 909216606?
2
What is the hundreds digit of 2239837?
8
What is the ten thousands digit of 449876767?
7
What is the thousands digit of 41222091?
2
What is the ten millions digit of 2427510420?
2
What is the hundreds digit of 155878029?
0
What is the hundred thousands digit of 73093566?
0
What is the hundred thousands digit of 61248048?
2
What is the millions digit of 57603541?
7
What is the tens digit of 158596495?
9
What is the ten thousands digit of 174703849?
0
What is the ten thousands digit of 392508130?
0
What is the ten thousands digit of 51061642?
6
What is the b